is i(c)?
1
Let l(q) = 3*q - 2. Let p = 2 + 10. Let v = 8 - p. Calculate l(v).
-14
Let j be 3/(0 + 12/(-8)). Let l(y) = y - 2. Determine l(j).
-4
Let h(u) = -u**3 - 2*u**2 + 4*u + 2. Let z be 2 + 1*(-15)/3. Let i be h(z). Let p(m) = 3*m**3 - 1. Determine p(i).
-4
Let a(p) = 2*p - 2. Let j be a(0). Let s(b) = 6*b**2 + 5*b**2 + b - 8*b**2 + 2. Give s(j).
12
Let p = -6 - -15. Let u(s) = 2*s + 3*s + 2*s + 9 - p*s. Give u(7).
-5
Let y(k) = 1. Let o(q) = q + 3 - 6 - 4. Let c(z) = o(z) + 5*y(z). Give c(4).
2
Let j(s) = 9 - 3 + 2*s - s. Let t(w) = w**2 - 4*w + 3. Let r(v) = -v - 5. Let a be r(-8). Let k be t(a). Calculate j(k).
6
Let t = -6 + 9. Let n(j) = -1 - 157*j**2 - 2*j - j**3 + 159*j**2 + 4*j. Give n(t).
-4
Let m = -17 - -23. Let v(p) = p**2 - 6*p - 4. Give v(m).
-4
Let l = 51 - 24. Suppose z = -4*m + 17, -2*m + 3*z + l - 8 = 0. Let n(a) = a - 8. Give n(m).
-3
Let x = 44 + -49. Let s(d) = 8*d**2 - 2*d - 3*d + 3 + d**3 - 4*d**2. Give s(x).
3
Let z(o) = -o - 3. Let f = -24 + 20. Calculate z(f).
1
Let o(d) = -3*d**2 + 4*d - 3. Let b(p) = p**3 + 3*p**2 - 2*p + 4. Let q be b(-3). Suppose 2*i + 6 = -5*g, -q = i - 3*i + 3*g. Determine o(i).
-7
Suppose 3*j = -0 + 6. Let p(f) be the second derivative of -f**4/12 + f**3/2 - f**2 + 56*f. Determine p(j).
0
Suppose 8 - 20 = -2*j. Let h(o) = -o**3 + 5*o**2 + 7*o + 3. Determine h(j).
9
Suppose -3*c = 2*c. Suppose c = -i - 3*i. Let a(b) = b**3 - b**2 + b - 3. Determine a(i).
-3
Let p(g) = g**2 + 8*g + 10. Suppose t - 12 = -10. Let c = -9 + t. Calculate p(c).
3
Suppose 157*g = 155*g + 24. Let k(s) = s - 13. Determine k(g).
-1
Let s(x) = 21*x + 42. Let k(i) = 0*i + 3*i + 7 - 1. Suppose 0 = -2*n + 2*c + c - 5, 0 = -4*n - 3*c - 19. Let t(v) = n*s(v) + 27*k(v). What is t(-5)?
9
Let v(n) = 2*n. Let f(w) be the first derivative of w**4/4 - w**2/2 + w + 7. Let t be f(0). What is v(t)?
2
Let s(a) = -2*a + 4. Let q be 105/14 + (-3)/6. Calculate s(q).
-10
Suppose -4*v = 5*r - 28, 0 = 5*v - 5*r + 7 + 3. Let h(g) = 12*g**2 + 2*g**3 - g**3 + 0*g**3 - 9*g**2 + 3 - v*g. Determine h(-3).
9
Let p(o) = -2*o + 8. Suppose -45 = -5*k - 10. Suppose -k = -x - 1. Give p(x).
-4
Let n(h) be the first derivative of -h**3/3 - 3*h**2 - 2*h - 9. Calculate n(-6).
-2
Let x(d) = d - 1. Suppose 20 = 5*i, i = -3*a - 2*i + 18. Suppose -a*q + 4*h - 2*h = -8, -3 = -2*q - 3*h. Determine x(q).
2
Let o be (-1)/(-3)*(7 + -1). Let l be -1*(4 - (-22)/(-2)). Let u(z) = -l*z - z + 4*z. Determine u(o).
-8
Let c(j) = -1 - j - 4 + 2*j - 2. Let y be c(11). Let b(m) = y*m + 1 - 6*m**2 + 7*m**2 + 0*m. Calculate b(-2).
-3
Let g = 27 + -53/2. Let l(h) be the first derivative of 1/4*h**4 + 1/3*h**3 - g*h**2 + 1 - h. What is l(-1)?
0
Let i(m) = -3*m + 2. Let t(x) = -4*x. Let p be t(-1). Suppose 0*k + a - 5 = -2*k, -p*a + 5 = 3*k. Let r be 1*k/((-9)/6). Calculate i(r).
8
Let c(q) = -8*q - 13. Let t(m) = -2*m - 3. Let k(v) = -6*c(v) + 26*t(v). Let f(z) = z. Let s(y) = -14*f(y) - 3*k(y). What is s(2)?
-4
Let k = 19 - 20. Let i(g) = -10*g - 1. Determine i(k).
9
Let r be (2/(-3))/(3/(-36)). Let a(t) = 1 - 1 - r - t. Give a(0).
-8
Let t = 36 + -35. Let z(r) = -8*r + 1. Determine z(t).
-7
Let w = 5 - 7. Let l be 27/(-18)*(0 - w). Let r(q) = -q + 3. Give r(l).
6
Let t(x) = x**2 - x. Let l(z) = -4*z**2 + 0*z - 2*z**2 + z - 3 - 3*z. Let b(a) = -l(a) - 4*t(a). Give b(-4).
11
Let w(y) = 5*y + 10*y**2 - 1 - 6*y**2 - 3*y**2. Give w(-6).
5
Let o(i) = 4*i + 2. Suppose 3 - 28 = 5*x. Let b = x - -5. Suppose b = 6*w - w - z + 6, 4*w = 5*z + 12. Give o(w).
-6
Let s(k) = -7*k**2 + 0*k**2 + k + 2*k - 3 + 8*k**2. Calculate s(3).
15
Let m(d) be the second derivative of d**3/6 - d**2/2 + 14*d. Give m(-2).
-3
Let w be ((-2)/5)/((-12)/30). Let j(y) = y**2 - 2*y - 1. Let m be j(3). Let k(a) = -a + w - 5*a + m*a. Calculate k(-1).
5
Suppose q + 3*f - 21 = -2*f, -3*q - 3*f + 15 = 0. Let x(d) = -25*d**3 + 3*d**2 + 7. Let t(w) = -12*w**3 + w**2 + 3. Let u(p) = -5*t(p) + 2*x(p). Calculate u(q).
10
Let z(l) be the second derivative of l**3/6 - 2*l**2 - 3*l. Suppose -2*c - 2*c = -200. Let v be ((-2)/(-4))/(5/c). Give z(v).
1
Let m(z) = 3*z + 6. Suppose 0 = -2*u - 5*r - 18, 2*r + 26 = -4*u - 3*r. Determine m(u).
-6
Let p(f) = 5*f**3 - 25*f**2 - 11*f + 5. Let g(o) = o**3 - 6 - 5*o**2 + 0 + 7 - 2*o. Let s(u) = 11*g(u) - 2*p(u). Calculate s(5).
1
Suppose 5*u + 28 = 8. Let n(v) = -3*v - 1. Let g(z) = 2*z + 1. Let i(o) = u*g(o) - 3*n(o). Let s be 1/(-3) - (-48)/9. Determine i(s).
4
Suppose 3*n = -5*l + 17, 2*l - 2*n - 11 = n. Suppose -6 = -l*d + 5*d. Let t(f) = f**3 + 6*f**2 - f - 2. Determine t(d).
4
Suppose 3*l = 5*o - 28, -2*l - 3*o - 18 = -6*o. Let w = l - -10. Suppose -w*p + 0 = -4. Let d(q) = 5*q**2 - q + 1. Give d(p).
5
Suppose 8 = 5*o - 3*o. Let i(v) = -3*v + 7. Let u(r) = -r + 2. Let g(d) = i(d) - u(d). Determine g(o).
-3
Let g(l) be the third derivative of -l**5/60 - 7*l**4/24 + 2*l**3/3 + 30*l**2. Calculate g(-8).
-4
Let v = -12 + 14. Suppose 3*t = -4*j + 2*j - 10, 2*j = -v*t - 10. Let i(b) be the second derivative of b**3/6 + 3*b**2/2 - b. Determine i(t).
3
Let v(p) = 3 + 0 + 0*p - p + 2*p**2. Let m(h) = -h**2 + h - 1. Let d(u) = 5*m(u) + 2*v(u). Let q be 2 + 2 - (0 + 0). Calculate d(q).
-3
Suppose 4*t - 16 = -0. Suppose -t*s - 7 = -23. Let q(l) = 0*l + 3*l - s*l + 4. Give q(2).
2
Let s(d) = 17*d + 6 + d**3 - 5*d**2 - 38*d + 20*d. Let i be (11*-2)/(-2) + -2. Let c = i - 4. Determine s(c).
1
Let p(i) = i + 10. Let j = -4 + -1. Determine p(j).
5
Let y(i) be the second derivative of i + 0 + i**3 + 1/2*i**2. Suppose 3 = 3*g - s, -5*s - 5 = -5*g - 0. What is y(g)?
7
Let z(y) = y**2 - 7*y - 7. Let g be z(8). Let h(u) = g - 4 - 2*u**2 + u**2. Calculate h(0).
-3
Let t(z) = z**2 - 4*z + 4. Let g be t(4). Suppose 3*v = 4*j - g, 0 = -v - 4*v - 3*j - 26. Let x(k) = 4*k**3 - 5*k**3 - 6*k**2 - 3*k - 3*k. Determine x(v).
-8
Let i(x) = -3*x**3 - 8*x**2 + x - 3. Let a(m) = -2*m**3 - 7*m**2 - 4. Let j(h) = 4*a(h) - 3*i(h). What is j(5)?
3
Let b(z) = -7*z**2 + z + 7 - 12 + 6*z**2 + z**3. Give b(0).
-5
Let d(r) be the first derivative of -r**4/4 + r**3 - r**2/2 - 3*r + 5. Determine d(3).
-6
Let x(r) = -r**3 - 5*r**2 - 7*r + 2. Let u(t) = t**3 + t**2 + t - 1. Let i(w) = 2*u(w) + x(w). Suppose 8*v + 7 = 3*y + 3*v, -4*y = -5*v - 11. What is i(y)?
-4
Let l(c) = -7 + 3*c + 5 - 2*c. Let o be 0/(-1 + -3 + 3). Let d be o*(9/6 - 2). What is l(d)?
-2
Suppose i = r + 1, 4*r + 13 = 2*i + 1. Let t(f) be the third derivative of 0*f - 1/12*f**4 - 3*f**2 - 1/15*f**5 - 1/120*f**6 + 0*f**3 + 0. Calculate t(i).
8
Let m(x) = 0 + 0 - x + 2*x + 3. Calculate m(-6).
-3
Let h(r) be the third derivative of -2/3*r**3 + 0*r + 0 + 1/24*r**4 + 6*r**2. What is h(-4)?
-8
Let t(j) be the first derivative of -7*j**2 + 3 + 2/3*j**3 + 6*j - 5*j**4. Let d(h) = 7*h**3 - h**2 + 5*h - 2. Let k(n) = -17*d(n) - 6*t(n). Give k(-5).
3
Let x(q) = -4*q + 1. Let u(a) = 13*a - 4. Let v(f) = -2*u(f) - 7*x(f). Give v(1).
3
Suppose 3*u - 26 = -f - 0*u, 0 = 4*u - 20. Suppose 4*a = -p + 4*p + f, 0 = 4*p + a - 17. Let r(l) = -l**2 + l + 6*l**3 - 2*l**3 - 3*l**p - 2. What is r(2)?
4
Let s(d) = d**3 + 10*d**2 - 10*d + 14. Let f be s(-11). Let w(l) = 2*l**2 - 3*l - 3. What is w(f)?
6
Let h(j) = 4*j - 2*j - 11 + 5*j - 6*j. Let q = 21 + -15. What is h(q)?
-5
Let o(u) = 4*u**2 + 9. Let y(w) = -3*w**2 + w - 9. Let a(s) = -4*o(s) - 5*y(s). Determine a(-7).
-5
Let x(g) = -g**3 - 4*g**2 + 2. Let t be x(-4). Let w(h) = -4*h + 0*h**2 + 4 - h**t + 3. Determine w(-5).
2
Let h be ((-12)/(-9)*3)/(-1). Let m = 0 - h. Let z(n) = -n + 4 + 0 + 4*n**2 + n**3 - 2*n**3. Calculate z(m).
0
Suppose m - 35 = -4*m. Let z(g) be the first derivative of -g**3/3 + 4*g**2 - 9*g - 76. Give z(m).
-2
Let p(w) = 2*w**2 + 2*w - 4. Suppose 14*n = 11*n - 9. Give p(n).
8
Let c(q) = 4*q**2 + 19*q - 19. Let h(g) = -2*g**2 - 9*g + 9. Let o(r) = 6*c(r) + 13*h(r). Calculate o(2).
-11
Let g(t) = 2*t - 2. Suppose -17*p = -11*p + 48. Calculate g(p).
-18
Let g(l) = -l**2 - 7*l + 1. Suppose -8 + 2 = i. Let s be g(i). Suppose r - a = -s, -5*a + 12 = -8. Let z(f) = -f - 1. Determine z(r).
2
Let v(n) = 5*n**2 + 6*n - 8. Let f(t) = -t**2 - t + 1. Let s(b) = 4*f(b) + v(b). Let r = 60 + -65. Calculate s(r).
11
Let d = -6 + 10. Let n(w) be the second derivative of 4*w + 0 - 1/6*w**3 - 1/2*w**2. Give n(d).
-5
Let h(z) = z